{"id":681,"date":"2019-05-18T01:05:24","date_gmt":"2019-05-18T01:05:24","guid":{"rendered":"http:\/\/consulca.com.mx\/?page_id=681"},"modified":"2023-01-23T15:25:12","modified_gmt":"2023-01-23T15:25:12","slug":"calendario-de-cursos","status":"publish","type":"page","link":"http:\/\/consulca.com.mx\/?page_id=681","title":{"rendered":"Cursos Online"},"content":{"rendered":"<p>[vc_row][vc_column width=\u00bb1\/6&#8243;]<div class=\"section-header tblock-alter text-left   color-white\">\r\n\t\t\t\t<i class=\"fa \" style=\"color:#000000 !important;\"><\/i>\r\n\t\t\t\t<h3 class=\"tblock \" style=\"color:#000000 !important;\">Fecha<\/h3><p style=\"color:#000000 !important;\"><\/p>\r\n\t\t\t<\/div>[vc_column_text]4 y 5 de Febrero de 2023[\/vc_column_text][\/vc_column][vc_column width=\u00bb1\/2&#8243;]<div class=\"section-header tblock-alter text-left   \">\r\n\t\t\t\t<i class=\"fa \" style=\"color:#000000 !important;\"><\/i>\r\n\t\t\t\t<h3 class=\"tblock \" style=\"color:#000000 !important;\">Nombre del curso<\/h3><p style=\"color:#000000 !important;\"><\/p>\r\n\t\t\t<\/div>[vc_column_text]<\/p>\n<p style=\"text-align: center;\"><a href=\"http:\/\/consulca.com.mx\/wp-content\/uploads\/2023\/01\/2.png\"><span class=\"selectable-text copyable-text\">Ejecuci\u00f3n de auditor\u00edas internas en un sistema de gesti\u00f3n. ISO 19011<\/span><\/a><\/p>\n<p>\u00a0[\/vc_column_text][\/vc_column][vc_column width=\u00bb1\/6&#8243;]<div class=\"section-header tblock-alter text-left   \">\r\n\t\t\t\t<i class=\"fa \" style=\"color:#000000 !important;\"><\/i>\r\n\t\t\t\t<h3 class=\"tblock \" style=\"color:#000000 !important;\">Duraci\u00f3n<\/h3><p style=\"color:#000000 !important;\"><\/p>\r\n\t\t\t<\/div>[vc_column_text]<span class=\"selectable-text copyable-text\">10 horas<\/span>[\/vc_column_text][\/vc_column][vc_column width=\u00bb1\/6&#8243;]<div class=\"section-header tblock-alter text-left   \">\r\n\t\t\t\t<i class=\"fa \" style=\"color:#000000 !important;\"><\/i>\r\n\t\t\t\t<h3 class=\"tblock \" style=\"color:#000000 !important;\">Lugar<\/h3><p style=\"color:#000000 !important;\"><\/p>\r\n\t\t\t<\/div>[vc_column_text]Online y presencial[\/vc_column_text][\/vc_column][vc_column][vc_separator color=\u00bbcustom\u00bb accent_color=\u00bb#eeee22&#8243;][\/vc_column][vc_column][vc_row_inner][vc_column_inner width=\u00bb1\/6&#8243;][vc_column_text]24 y 25 de Febrero de 2023[\/vc_column_text][\/vc_column_inner][vc_column_inner width=\u00bb1\/2&#8243;][vc_column_text]<\/p>\n<p style=\"text-align: center;\"><a href=\"http:\/\/consulca.com.mx\/wp-content\/uploads\/2023\/01\/3.png\"><span class=\"selectable-text copyable-text\">Implementaci\u00f3n de un sistema de gesti\u00f3n de calidad ISO 9001:2015<\/span><\/a><\/p>\n<p>[\/vc_column_text][\/vc_column_inner][vc_column_inner width=\u00bb1\/6&#8243;][vc_column_text]10 horas[\/vc_column_text][\/vc_column_inner][vc_column_inner width=\u00bb1\/6&#8243;][vc_column_text]Online y presencial[\/vc_column_text][\/vc_column_inner][vc_column_inner][vc_separator color=\u00bbcustom\u00bb accent_color=\u00bb#eeee22&#8243;][\/vc_column_inner][\/vc_row_inner][vc_row_inner][vc_column_inner width=\u00bb1\/6&#8243;][vc_column_text]24 y 25 de Marzo de 2023[\/vc_column_text][\/vc_column_inner][vc_column_inner width=\u00bb1\/2&#8243;][vc_column_text]<\/p>\n<p style=\"text-align: center;\"><a href=\"http:\/\/consulca.com.mx\/wp-content\/uploads\/2023\/01\/4.png\">L\u00edderes transformacionales en seguridad vial.<\/a><\/p>\n<p>[\/vc_column_text][\/vc_column_inner][vc_column_inner width=\u00bb1\/6&#8243;][vc_column_text]10 horas[\/vc_column_text][\/vc_column_inner][vc_column_inner width=\u00bb1\/6&#8243;][vc_column_text]Online y presencial[\/vc_column_text][\/vc_column_inner][vc_column_inner][vc_separator color=\u00bbcustom\u00bb accent_color=\u00bb#eeee22&#8243;][\/vc_column_inner][\/vc_row_inner][vc_row_inner][vc_column_inner width=\u00bb1\/6&#8243;][vc_column_text]28 y 29 de Abril de 2023[\/vc_column_text][\/vc_column_inner][vc_column_inner width=\u00bb1\/2&#8243;][vc_column_text]<\/p>\n<p style=\"text-align: center;\"><a href=\"http:\/\/consulca.com.mx\/wp-content\/uploads\/2023\/01\/5.png\"><span class=\"selectable-text copyable-text\">Desarrollo de l\u00edderes disruptivos en las organizaciones actuales<\/span><\/a><\/p>\n<p>[\/vc_column_text][\/vc_column_inner][vc_column_inner width=\u00bb1\/6&#8243;][vc_column_text]10 horas[\/vc_column_text][\/vc_column_inner][vc_column_inner width=\u00bb1\/6&#8243;][vc_column_text]Online y presencial[\/vc_column_text][\/vc_column_inner][vc_column_inner][vc_separator color=\u00bbcustom\u00bb accent_color=\u00bb#eeee22&#8243;][\/vc_column_inner][\/vc_row_inner][vc_row_inner][vc_column_inner width=\u00bb1\/6&#8243;][vc_column_text]26 y 27 de Mayo de 2023[\/vc_column_text][\/vc_column_inner][vc_column_inner width=\u00bb1\/2&#8243;][vc_column_text]<\/p>\n<p style=\"text-align: center;\"><a href=\"http:\/\/consulca.com.mx\/wp-content\/uploads\/2023\/01\/6.png\"><span class=\"selectable-text copyable-text\">Evaluaci\u00f3n y desarrollo de la competencia y del personal<\/span><\/a><\/p>\n<p>[\/vc_column_text][\/vc_column_inner][vc_column_inner width=\u00bb1\/6&#8243;][vc_column_text]10 horas[\/vc_column_text][\/vc_column_inner][vc_column_inner width=\u00bb1\/6&#8243;][vc_column_text]Online y presencial[\/vc_column_text][\/vc_column_inner][vc_column_inner][vc_separator color=\u00bbcustom\u00bb accent_color=\u00bb#eeee22&#8243;][\/vc_column_inner][\/vc_row_inner][vc_row_inner][vc_column_inner width=\u00bb1\/6&#8243;][vc_column_text]30 de Junio y 1 de Julio de 2023[\/vc_column_text][\/vc_column_inner][vc_column_inner width=\u00bb1\/2&#8243;][vc_column_text]<\/p>\n<p style=\"text-align: center;\"><a href=\"http:\/\/consulca.com.mx\/wp-content\/uploads\/2023\/01\/7.png\"><span class=\"selectable-text copyable-text\"> Implementaci\u00f3n de un sistema de gesti\u00f3n de salud y seguridad ocupacional ISO 45001<\/span><\/a><\/p>\n<p>[\/vc_column_text][\/vc_column_inner][vc_column_inner width=\u00bb1\/6&#8243;][vc_column_text]10 horas[\/vc_column_text][\/vc_column_inner][vc_column_inner width=\u00bb1\/6&#8243;][vc_column_text]Online y presencial[\/vc_column_text][\/vc_column_inner][vc_column_inner][vc_separator color=\u00bbcustom\u00bb accent_color=\u00bb#eeee22&#8243;][\/vc_column_inner][\/vc_row_inner][vc_row_inner][vc_column_inner width=\u00bb1\/6&#8243;][vc_column_text]Fecha abierta[\/vc_column_text][\/vc_column_inner][vc_column_inner width=\u00bb1\/2&#8243;][vc_column_text]<\/p>\n<p style=\"text-align: center;\"><a href=\"http:\/\/consulca.com.mx\/wp-content\/uploads\/2023\/01\/8.png\"><span class=\"selectable-text copyable-text\">Impartici\u00f3n de cursos presenciales para formaci\u00f3n instructores<\/span><\/a><\/p>\n<p>[\/vc_column_text][\/vc_column_inner][vc_column_inner width=\u00bb1\/6&#8243;][vc_column_text]10 horas[\/vc_column_text][\/vc_column_inner][vc_column_inner width=\u00bb1\/6&#8243;][vc_column_text]Online y presencial[\/vc_column_text][\/vc_column_inner][\/vc_row_inner][vc_separator color=\u00bbcustom\u00bb accent_color=\u00bb#eeee22&#8243;][vc_row_inner][vc_column_inner width=\u00bb1\/6&#8243;][vc_column_text]Fecha abierta[\/vc_column_text][\/vc_column_inner][vc_column_inner width=\u00bb1\/2&#8243;][vc_column_text]<\/p>\n<p style=\"text-align: center;\"><a href=\"http:\/\/consulca.com.mx\/wp-content\/uploads\/2023\/01\/9.png\"><span class=\"selectable-text copyable-text\">Desarrollo e implementaci\u00f3n de procesos en las organizaciones<\/span><\/a><\/p>\n<p>[\/vc_column_text][\/vc_column_inner][vc_column_inner width=\u00bb1\/6&#8243;][vc_column_text]10 horas[\/vc_column_text][\/vc_column_inner][vc_column_inner width=\u00bb1\/6&#8243;][vc_column_text]Online y presencial[\/vc_column_text][\/vc_column_inner][\/vc_row_inner][vc_separator color=\u00bbcustom\u00bb accent_color=\u00bb#eeee22&#8243;][\/vc_column][\/vc_row]<\/p>\n","protected":false},"excerpt":{"rendered":"<p>[vc_row][vc_column width=\u00bb1\/6&#8243;][vc_column_text]4 y 5 de Febrero de 2023[\/vc_column_text][\/vc_column][vc_column width=\u00bb1\/2&#8243;][vc_column_text] Ejecuci\u00f3n de auditor\u00edas internas en un sistema de gesti\u00f3n. ISO 19011 \u00a0[\/vc_column_text][\/vc_column][vc_column width=\u00bb1\/6&#8243;][vc_column_text]10 horas[\/vc_column_text][\/vc_column][vc_column width=\u00bb1\/6&#8243;][vc_column_text]Online y presencial[\/vc_column_text][\/vc_column][vc_column][vc_separator color=\u00bbcustom\u00bb accent_color=\u00bb#eeee22&#8243;][\/vc_column][vc_column][vc_row_inner][vc_column_inner width=\u00bb1\/6&#8243;][vc_column_text]24 y 25 de Febrero de 2023[\/vc_column_text][\/vc_column_inner][vc_column_inner width=\u00bb1\/2&#8243;][vc_column_text] Implementaci\u00f3n de un sistema de gesti\u00f3n de calidad ISO 9001:2015 [\/vc_column_text][\/vc_column_inner][vc_column_inner width=\u00bb1\/6&#8243;][vc_column_text]10 horas[\/vc_column_text][\/vc_column_inner][vc_column_inner width=\u00bb1\/6&#8243;][vc_column_text]Online y presencial[\/vc_column_text][\/vc_column_inner][vc_column_inner][vc_separator color=\u00bbcustom\u00bb accent_color=\u00bb#eeee22&#8243;][\/vc_column_inner][\/vc_row_inner][vc_row_inner][vc_column_inner width=\u00bb1\/6&#8243;][vc_column_text]24 [&hellip;]<\/p>\n","protected":false},"author":1,"featured_media":0,"parent":0,"menu_order":0,"comment_status":"closed","ping_status":"closed","template":"","meta":{"footnotes":""},"_links":{"self":[{"href":"http:\/\/consulca.com.mx\/index.php?rest_route=\/wp\/v2\/pages\/681"}],"collection":[{"href":"http:\/\/consulca.com.mx\/index.php?rest_route=\/wp\/v2\/pages"}],"about":[{"href":"http:\/\/consulca.com.mx\/index.php?rest_route=\/wp\/v2\/types\/page"}],"author":[{"embeddable":true,"href":"http:\/\/consulca.com.mx\/index.php?rest_route=\/wp\/v2\/users\/1"}],"replies":[{"embeddable":true,"href":"http:\/\/consulca.com.mx\/index.php?rest_route=%2Fwp%2Fv2%2Fcomments&post=681"}],"version-history":[{"count":46,"href":"http:\/\/consulca.com.mx\/index.php?rest_route=\/wp\/v2\/pages\/681\/revisions"}],"predecessor-version":[{"id":1137,"href":"http:\/\/consulca.com.mx\/index.php?rest_route=\/wp\/v2\/pages\/681\/revisions\/1137"}],"wp:attachment":[{"href":"http:\/\/consulca.com.mx\/index.php?rest_route=%2Fwp%2Fv2%2Fmedia&parent=681"}],"curies":[{"name":"wp","href":"https:\/\/api.w.org\/{rel}","templated":true}]}}